{"id":53,"date":"2014-06-18T14:23:25","date_gmt":"2014-06-18T12:23:25","guid":{"rendered":"http:\/\/konstruktivist.evaprinzip.de\/?page_id=53"},"modified":"2014-06-21T08:00:05","modified_gmt":"2014-06-21T06:00:05","slug":"ich-spuere-die-faust-im-nacken","status":"publish","type":"page","link":"https:\/\/konstruktivist.evaprinzip.de\/?page_id=53","title":{"rendered":"Ich sp\u00fcre die Faust im Nacken"},"content":{"rendered":"<p>Unser gr\u00f6\u00dftes Sinnesorgan ist sicher die Haut. Auf der sp\u00fcren wir jede Ber\u00fchrung. Oder auch nicht.<\/p>\n<h3>Ber\u00fchrt oder nicht<\/h3>\n<p>Ein einfaches Experiment zeigt uns, wie unterschiedlich empfindlich unsere Haut ist: Man braucht dazu zwei Stifte und einen Partner. Der Partner soll mal ein und mal zwei Stifte einsetzen. Man kann feststellen, dass man auf der Hand den Unterschied sp\u00fcrt, wenn die Stifte nur einen Millimeter auseinander stehen. Auf dem R\u00fccken k\u00f6nnen die Stifte fast ein Zentimeter auseinander stehen bevor wir merken, dass es zwei Stifte sind.<\/p>\n<h3>Die Phantom-Hand<\/h3>\n<p>Ein weiteres Experiment braucht etwas mehr Aufbau. Dazu wird parallel zur eigentlichen Hand eine Gummihand auf den Tisch gelegt und so mit dem K\u00f6rper verbunden, dass er wie die echte Hand wirkt. Die echte Hand wird dann einfach versteckt (durch eine Pappwand). Nun beginnt der Gegen\u00fcber damit die beiden H\u00e4nde in gleicher Weise zu streicheln.<\/p>\n<p>Der Proband beobachtet die Gummihand und sp\u00fcrt das Streicheln. Nach kurzer Zeit kann der Gegen\u00fcber aufh\u00f6ren die echte Hand zu streicheln. Es reicht das Streicheln der Phantom-Hand und der Proband &#8222;sp\u00fcrt&#8220; das Gesehene als Streicheleinheiten. <\/p>\n<p>Man kann dieses Experiment noch weiter treiben. In einer Videobrille wird ein K\u00f6rper angezeigt. Jetzt wird der R\u00fccken gestreichelt und dabei sieht der Proband diese Ber\u00fchrungen in der Monitor-Brille bei der Person vor ihm. In K\u00fcrze kommt es zu einer &#8222;out-of-body&#8220;-Erfahrung. Der Proband &#8222;sp\u00fcrt&#8220; was er Person in seinem Monitor passiert, als wenn es ihm selbst geschieht.<\/p>\n<p>Boxt man dann dem Anderen in den Magen, dann wird der Proband instinktiv seinen Bauch festmachen und zur\u00fcckweichen. <a href=\"http:\/\/youtu.be\/4PQAc_Z2OfQ\">Beispiele findet man hier:<\/a><\/p>\n<h3>Wie man sich bettet so entscheidet man<\/h3>\n<p>In einem weiteren Versuch wurde den Probanden ein Fragebogen vorgelegt, auf dem sie moralische Fragen in einer Skala bewerten sollten. Die eine Gruppe bekam bequeme St\u00fchle, die andere Gruppe nur eine harte Bank zu Sitzen. Nat\u00fcrlich in getrennten R\u00e4umen um kein Neid aufkommen zu lassen. Danach wurden die Bl\u00e4tter ausgewertet indem am einen Durchschnittswert bildete f\u00fcr beide Gruppen.<\/p>\n<p>Die Gruppe, die auf den harten B\u00e4nken sitzen mussten, urteilten im Vergleich h\u00e4rter. Wer h\u00e4tte gedacht, dass es bei Entscheidungen darauf ankommen kann wie wir sitzen?  <\/p>\n<p>Wie sehr unsere f\u00fcnf Sinne zusammenarbeiten erkennt man auch beim Schmecken und Riechen.<\/p>\n<p>Lesen Sie als n\u00e4chstes: <a href=\"https:\/\/konstruktivist.evaprinzip.de\/?page_id=55\" title=\"Ich rieche, dass mir das nicht schmeckt\">Ich rieche, dass mir das nicht schmeckt<\/a><\/p>\n","protected":false},"excerpt":{"rendered":"<p>Unser gr\u00f6\u00dftes Sinnesorgan ist sicher die Haut. Auf der sp\u00fcren wir jede Ber\u00fchrung. Oder auch nicht. Ber\u00fchrt oder nicht Ein einfaches Experiment zeigt uns, wie unterschiedlich empfindlich unsere Haut ist: Man braucht dazu zwei Stifte und einen Partner. Der Partner soll mal ein und mal zwei Stifte einsetzen. Man kann feststellen, dass man auf der &hellip; <a href=\"https:\/\/konstruktivist.evaprinzip.de\/?page_id=53\" class=\"more-link\"><span class=\"screen-reader-text\">Ich sp\u00fcre die Faust im Nacken<\/span> weiterlesen <span class=\"meta-nav\">&rarr;<\/span><\/a><\/p>\n","protected":false},"author":1,"featured_media":0,"parent":33,"menu_order":2,"comment_status":"open","ping_status":"closed","template":"","meta":{"footnotes":""},"class_list":["post-53","page","type-page","status-publish","hentry"],"_links":{"self":[{"href":"https:\/\/konstruktivist.evaprinzip.de\/index.php?rest_route=\/wp\/v2\/pages\/53","targetHints":{"allow":["GET"]}}],"collection":[{"href":"https:\/\/konstruktivist.evaprinzip.de\/index.php?rest_route=\/wp\/v2\/pages"}],"about":[{"href":"https:\/\/konstruktivist.evaprinzip.de\/index.php?rest_route=\/wp\/v2\/types\/page"}],"author":[{"embeddable":true,"href":"https:\/\/konstruktivist.evaprinzip.de\/index.php?rest_route=\/wp\/v2\/users\/1"}],"replies":[{"embeddable":true,"href":"https:\/\/konstruktivist.evaprinzip.de\/index.php?rest_route=%2Fwp%2Fv2%2Fcomments&post=53"}],"version-history":[{"count":3,"href":"https:\/\/konstruktivist.evaprinzip.de\/index.php?rest_route=\/wp\/v2\/pages\/53\/revisions"}],"predecessor-version":[{"id":63,"href":"https:\/\/konstruktivist.evaprinzip.de\/index.php?rest_route=\/wp\/v2\/pages\/53\/revisions\/63"}],"up":[{"embeddable":true,"href":"https:\/\/konstruktivist.evaprinzip.de\/index.php?rest_route=\/wp\/v2\/pages\/33"}],"wp:attachment":[{"href":"https:\/\/konstruktivist.evaprinzip.de\/index.php?rest_route=%2Fwp%2Fv2%2Fmedia&parent=53"}],"curies":[{"name":"wp","href":"https:\/\/api.w.org\/{rel}","templated":true}]}}